{"id":682,"date":"2025-10-03T12:25:36","date_gmt":"2025-10-03T10:25:36","guid":{"rendered":"https:\/\/rubioydelamo.com\/santiago-mediano\/nosotros\/maria-gomez\/"},"modified":"2026-01-13T12:54:51","modified_gmt":"2026-01-13T11:54:51","slug":"maria-gomez","status":"publish","type":"equipo","link":"https:\/\/santiagomediano.com\/en\/team\/maria-gomez\/","title":{"rendered":"Mar\u00eda G\u00f3mez"},"content":{"rendered":"<p class=\"p1\">Mar\u00eda is a lawyer specialising in Intellectual Property and Procedural Law. She holds a degree in Law and Political Science and Public Administration from the Autonomous University of Madrid, a Master&#8217;s Degree in Access to the Legal Profession from the Madrid Bar Association, and a Master&#8217;s Degree in Intellectual Property, Industrial Property and New Technologies from the Autonomous University of Madrid.<\/p> <p class=\"p1\">During her training, she completed internships at national law firms, and in 2024 she began her professional career at our firm as an associate, working in the areas of Procedural Law and Intellectual Property.<\/p>","protected":false},"featured_media":346596,"template":"","meta":{"_acf_changed":false,"inline_featured_image":false},"seccion":[270,313,317,266,321,268,286,311,282],"class_list":["post-682","equipo","type-equipo","status-publish","has-post-thumbnail","hentry","seccion-litigation-arbitration","seccion-madrid","seccion-position","seccion-areas","seccion-associates","seccion-sectors","seccion-media-entertainment","seccion-office","seccion-intellectual-property"],"acf":[],"yoast_head":"<!-- This site is optimized with the Yoast SEO plugin v27.3 - https:\/\/yoast.com\/product\/yoast-seo-wordpress\/ -->\n<title>Mar\u00eda G\u00f3mez - Santiago Mediano<\/title>\n<meta name=\"robots\" content=\"index, follow, max-snippet:-1, max-image-preview:large, max-video-preview:-1\" \/>\n<link rel=\"canonical\" href=\"https:\/\/santiagomediano.com\/en\/team\/maria-gomez\/\" \/>\n<meta property=\"og:locale\" content=\"en_US\" \/>\n<meta property=\"og:type\" content=\"article\" \/>\n<meta property=\"og:title\" content=\"Mar\u00eda G\u00f3mez - Santiago Mediano\" \/>\n<meta property=\"og:description\" content=\"Mar\u00eda is a lawyer specialising in Intellectual Property and Procedural Law. She holds a degree in Law and Political Science and Public Administration from the Autonomous University of Madrid, a Master&#8217;s Degree in Access to the Legal Profession from the Madrid Bar Association, and a Master&#8217;s Degree in Intellectual Property, Industrial Property and New Technologies [&hellip;]\" \/>\n<meta property=\"og:url\" content=\"https:\/\/santiagomediano.com\/en\/team\/maria-gomez\/\" \/>\n<meta property=\"og:site_name\" content=\"Santiago Mediano\" \/>\n<meta property=\"article:modified_time\" content=\"2026-01-13T11:54:51+00:00\" \/>\n<meta property=\"og:image\" content=\"https:\/\/santiagomediano.com\/wp-content\/uploads\/2026\/01\/Maria-Gomez.jpg\" \/>\n\t<meta property=\"og:image:width\" content=\"436\" \/>\n\t<meta property=\"og:image:height\" content=\"548\" \/>\n\t<meta property=\"og:image:type\" content=\"image\/jpeg\" \/>\n<meta name=\"twitter:card\" content=\"summary_large_image\" \/>\n<meta name=\"twitter:label1\" content=\"Est. reading time\" \/>\n\t<meta name=\"twitter:data1\" content=\"1 minute\" \/>\n<script type=\"application\/ld+json\" class=\"yoast-schema-graph\">{\"@context\":\"https:\\\/\\\/schema.org\",\"@graph\":[{\"@type\":\"WebPage\",\"@id\":\"https:\\\/\\\/santiagomediano.com\\\/en\\\/team\\\/maria-gomez\\\/\",\"url\":\"https:\\\/\\\/santiagomediano.com\\\/en\\\/team\\\/maria-gomez\\\/\",\"name\":\"Mar\u00eda G\u00f3mez - Santiago Mediano\",\"isPartOf\":{\"@id\":\"https:\\\/\\\/santiagomediano.com\\\/en\\\/#website\"},\"primaryImageOfPage\":{\"@id\":\"https:\\\/\\\/santiagomediano.com\\\/en\\\/team\\\/maria-gomez\\\/#primaryimage\"},\"image\":{\"@id\":\"https:\\\/\\\/santiagomediano.com\\\/en\\\/team\\\/maria-gomez\\\/#primaryimage\"},\"thumbnailUrl\":\"https:\\\/\\\/santiagomediano.com\\\/wp-content\\\/uploads\\\/2026\\\/01\\\/Maria-Gomez.jpg\",\"datePublished\":\"2025-10-03T10:25:36+00:00\",\"dateModified\":\"2026-01-13T11:54:51+00:00\",\"breadcrumb\":{\"@id\":\"https:\\\/\\\/santiagomediano.com\\\/en\\\/team\\\/maria-gomez\\\/#breadcrumb\"},\"inLanguage\":\"en-US\",\"potentialAction\":[{\"@type\":\"ReadAction\",\"target\":[\"https:\\\/\\\/santiagomediano.com\\\/en\\\/team\\\/maria-gomez\\\/\"]}]},{\"@type\":\"ImageObject\",\"inLanguage\":\"en-US\",\"@id\":\"https:\\\/\\\/santiagomediano.com\\\/en\\\/team\\\/maria-gomez\\\/#primaryimage\",\"url\":\"https:\\\/\\\/santiagomediano.com\\\/wp-content\\\/uploads\\\/2026\\\/01\\\/Maria-Gomez.jpg\",\"contentUrl\":\"https:\\\/\\\/santiagomediano.com\\\/wp-content\\\/uploads\\\/2026\\\/01\\\/Maria-Gomez.jpg\",\"width\":436,\"height\":548},{\"@type\":\"BreadcrumbList\",\"@id\":\"https:\\\/\\\/santiagomediano.com\\\/en\\\/team\\\/maria-gomez\\\/#breadcrumb\",\"itemListElement\":[{\"@type\":\"ListItem\",\"position\":1,\"name\":\"Portada\",\"item\":\"https:\\\/\\\/santiagomediano.com\\\/en\\\/\"},{\"@type\":\"ListItem\",\"position\":2,\"name\":\"Mar\u00eda G\u00f3mez\"}]},{\"@type\":\"WebSite\",\"@id\":\"https:\\\/\\\/santiagomediano.com\\\/en\\\/#website\",\"url\":\"https:\\\/\\\/santiagomediano.com\\\/en\\\/\",\"name\":\"Santiago Mediano\",\"description\":\"\",\"publisher\":{\"@id\":\"https:\\\/\\\/santiagomediano.com\\\/en\\\/#organization\"},\"potentialAction\":[{\"@type\":\"SearchAction\",\"target\":{\"@type\":\"EntryPoint\",\"urlTemplate\":\"https:\\\/\\\/santiagomediano.com\\\/en\\\/?s={search_term_string}\"},\"query-input\":{\"@type\":\"PropertyValueSpecification\",\"valueRequired\":true,\"valueName\":\"search_term_string\"}}],\"inLanguage\":\"en-US\"},{\"@type\":\"Organization\",\"@id\":\"https:\\\/\\\/santiagomediano.com\\\/en\\\/#organization\",\"name\":\"Santiago Mediano\",\"url\":\"https:\\\/\\\/santiagomediano.com\\\/en\\\/\",\"logo\":{\"@type\":\"ImageObject\",\"inLanguage\":\"en-US\",\"@id\":\"https:\\\/\\\/santiagomediano.com\\\/en\\\/#\\\/schema\\\/logo\\\/image\\\/\",\"url\":\"https:\\\/\\\/santiagomediano.com\\\/wp-content\\\/uploads\\\/2026\\\/02\\\/cropped-A_AVATAR-LINKEDIN-SM-copia.png\",\"contentUrl\":\"https:\\\/\\\/santiagomediano.com\\\/wp-content\\\/uploads\\\/2026\\\/02\\\/cropped-A_AVATAR-LINKEDIN-SM-copia.png\",\"width\":512,\"height\":512,\"caption\":\"Santiago Mediano\"},\"image\":{\"@id\":\"https:\\\/\\\/santiagomediano.com\\\/en\\\/#\\\/schema\\\/logo\\\/image\\\/\"}}]}<\/script>\n<!-- \/ Yoast SEO plugin. -->","yoast_head_json":{"title":"Mar\u00eda G\u00f3mez - Santiago Mediano","robots":{"index":"index","follow":"follow","max-snippet":"max-snippet:-1","max-image-preview":"max-image-preview:large","max-video-preview":"max-video-preview:-1"},"canonical":"https:\/\/santiagomediano.com\/en\/team\/maria-gomez\/","og_locale":"en_US","og_type":"article","og_title":"Mar\u00eda G\u00f3mez - Santiago Mediano","og_description":"Mar\u00eda is a lawyer specialising in Intellectual Property and Procedural Law. She holds a degree in Law and Political Science and Public Administration from the Autonomous University of Madrid, a Master&#8217;s Degree in Access to the Legal Profession from the Madrid Bar Association, and a Master&#8217;s Degree in Intellectual Property, Industrial Property and New Technologies [&hellip;]","og_url":"https:\/\/santiagomediano.com\/en\/team\/maria-gomez\/","og_site_name":"Santiago Mediano","article_modified_time":"2026-01-13T11:54:51+00:00","og_image":[{"width":436,"height":548,"url":"https:\/\/santiagomediano.com\/wp-content\/uploads\/2026\/01\/Maria-Gomez.jpg","type":"image\/jpeg"}],"twitter_card":"summary_large_image","twitter_misc":{"Est. reading time":"1 minute"},"schema":{"@context":"https:\/\/schema.org","@graph":[{"@type":"WebPage","@id":"https:\/\/santiagomediano.com\/en\/team\/maria-gomez\/","url":"https:\/\/santiagomediano.com\/en\/team\/maria-gomez\/","name":"Mar\u00eda G\u00f3mez - Santiago Mediano","isPartOf":{"@id":"https:\/\/santiagomediano.com\/en\/#website"},"primaryImageOfPage":{"@id":"https:\/\/santiagomediano.com\/en\/team\/maria-gomez\/#primaryimage"},"image":{"@id":"https:\/\/santiagomediano.com\/en\/team\/maria-gomez\/#primaryimage"},"thumbnailUrl":"https:\/\/santiagomediano.com\/wp-content\/uploads\/2026\/01\/Maria-Gomez.jpg","datePublished":"2025-10-03T10:25:36+00:00","dateModified":"2026-01-13T11:54:51+00:00","breadcrumb":{"@id":"https:\/\/santiagomediano.com\/en\/team\/maria-gomez\/#breadcrumb"},"inLanguage":"en-US","potentialAction":[{"@type":"ReadAction","target":["https:\/\/santiagomediano.com\/en\/team\/maria-gomez\/"]}]},{"@type":"ImageObject","inLanguage":"en-US","@id":"https:\/\/santiagomediano.com\/en\/team\/maria-gomez\/#primaryimage","url":"https:\/\/santiagomediano.com\/wp-content\/uploads\/2026\/01\/Maria-Gomez.jpg","contentUrl":"https:\/\/santiagomediano.com\/wp-content\/uploads\/2026\/01\/Maria-Gomez.jpg","width":436,"height":548},{"@type":"BreadcrumbList","@id":"https:\/\/santiagomediano.com\/en\/team\/maria-gomez\/#breadcrumb","itemListElement":[{"@type":"ListItem","position":1,"name":"Portada","item":"https:\/\/santiagomediano.com\/en\/"},{"@type":"ListItem","position":2,"name":"Mar\u00eda G\u00f3mez"}]},{"@type":"WebSite","@id":"https:\/\/santiagomediano.com\/en\/#website","url":"https:\/\/santiagomediano.com\/en\/","name":"Santiago Mediano","description":"","publisher":{"@id":"https:\/\/santiagomediano.com\/en\/#organization"},"potentialAction":[{"@type":"SearchAction","target":{"@type":"EntryPoint","urlTemplate":"https:\/\/santiagomediano.com\/en\/?s={search_term_string}"},"query-input":{"@type":"PropertyValueSpecification","valueRequired":true,"valueName":"search_term_string"}}],"inLanguage":"en-US"},{"@type":"Organization","@id":"https:\/\/santiagomediano.com\/en\/#organization","name":"Santiago Mediano","url":"https:\/\/santiagomediano.com\/en\/","logo":{"@type":"ImageObject","inLanguage":"en-US","@id":"https:\/\/santiagomediano.com\/en\/#\/schema\/logo\/image\/","url":"https:\/\/santiagomediano.com\/wp-content\/uploads\/2026\/02\/cropped-A_AVATAR-LINKEDIN-SM-copia.png","contentUrl":"https:\/\/santiagomediano.com\/wp-content\/uploads\/2026\/02\/cropped-A_AVATAR-LINKEDIN-SM-copia.png","width":512,"height":512,"caption":"Santiago Mediano"},"image":{"@id":"https:\/\/santiagomediano.com\/en\/#\/schema\/logo\/image\/"}}]}},"_links":{"self":[{"href":"https:\/\/santiagomediano.com\/en\/wp-json\/wp\/v2\/equipo\/682","targetHints":{"allow":["GET"]}}],"collection":[{"href":"https:\/\/santiagomediano.com\/en\/wp-json\/wp\/v2\/equipo"}],"about":[{"href":"https:\/\/santiagomediano.com\/en\/wp-json\/wp\/v2\/types\/equipo"}],"wp:featuredmedia":[{"embeddable":true,"href":"https:\/\/santiagomediano.com\/en\/wp-json\/wp\/v2\/media\/346596"}],"wp:attachment":[{"href":"https:\/\/santiagomediano.com\/en\/wp-json\/wp\/v2\/media?parent=682"}],"wp:term":[{"taxonomy":"seccion","embeddable":true,"href":"https:\/\/santiagomediano.com\/en\/wp-json\/wp\/v2\/seccion?post=682"}],"curies":[{"name":"wp","href":"https:\/\/api.w.org\/{rel}","templated":true}]}}

María Gómez

<p class="p1">María is a lawyer specialising in Intellectual Property and Procedural Law. She holds a degree in Law and Political Science and Public Administration from the Autonomous University of Madrid, a Master&#8217;s Degree in Access to the Legal Profession from the Madrid Bar Association, and a Master&#8217;s Degree in Intellectual Property, Industrial Property and New Technologies from the Autonomous University of Madrid.</p> <p class="p1">During her training, she completed internships at national law firms, and in 2024 she began her professional career at our firm as an associate, working in the areas of Procedural Law and Intellectual Property.</p>

<!-- This site is optimized with the Yoast SEO plugin v27.3 - https://yoast.com/product/yoast-seo-wordpress/ -->
<title>María Gómez - Santiago Mediano</title>
<meta name="robots" content="index, follow, max-snippet:-1, max-image-preview:large, max-video-preview:-1" />
<link rel="canonical" href="https://santiagomediano.com/en/team/maria-gomez/" />
<meta property="og:locale" content="en_US" />
<meta property="og:type" content="article" />
<meta property="og:title" content="María Gómez - Santiago Mediano" />
<meta property="og:description" content="María is a lawyer specialising in Intellectual Property and Procedural Law. She holds a degree in Law and Political Science and Public Administration from the Autonomous University of Madrid, a Master&#8217;s Degree in Access to the Legal Profession from the Madrid Bar Association, and a Master&#8217;s Degree in Intellectual Property, Industrial Property and New Technologies [&hellip;]" />
<meta property="og:url" content="https://santiagomediano.com/en/team/maria-gomez/" />
<meta property="og:site_name" content="Santiago Mediano" />
<meta property="article:modified_time" content="2026-01-13T11:54:51+00:00" />
<meta property="og:image" content="https://santiagomediano.com/wp-content/uploads/2026/01/Maria-Gomez.jpg" />
	<meta property="og:image:width" content="436" />
	<meta property="og:image:height" content="548" />
	<meta property="og:image:type" content="image/jpeg" />
<meta name="twitter:card" content="summary_large_image" />
<meta name="twitter:label1" content="Est. reading time" />
	<meta name="twitter:data1" content="1 minute" />
<script type="application/ld+json" class="yoast-schema-graph">{"@context":"https:\/\/schema.org","@graph":[{"@type":"WebPage","@id":"https:\/\/santiagomediano.com\/en\/team\/maria-gomez\/","url":"https:\/\/santiagomediano.com\/en\/team\/maria-gomez\/","name":"María Gómez - Santiago Mediano","isPartOf":{"@id":"https:\/\/santiagomediano.com\/en\/#website"},"primaryImageOfPage":{"@id":"https:\/\/santiagomediano.com\/en\/team\/maria-gomez\/#primaryimage"},"image":{"@id":"https:\/\/santiagomediano.com\/en\/team\/maria-gomez\/#primaryimage"},"thumbnailUrl":"https:\/\/santiagomediano.com\/wp-content\/uploads\/2026\/01\/Maria-Gomez.jpg","datePublished":"2025-10-03T10:25:36+00:00","dateModified":"2026-01-13T11:54:51+00:00","breadcrumb":{"@id":"https:\/\/santiagomediano.com\/en\/team\/maria-gomez\/#breadcrumb"},"inLanguage":"en-US","potentialAction":[{"@type":"ReadAction","target":["https:\/\/santiagomediano.com\/en\/team\/maria-gomez\/"]}]},{"@type":"ImageObject","inLanguage":"en-US","@id":"https:\/\/santiagomediano.com\/en\/team\/maria-gomez\/#primaryimage","url":"https:\/\/santiagomediano.com\/wp-content\/uploads\/2026\/01\/Maria-Gomez.jpg","contentUrl":"https:\/\/santiagomediano.com\/wp-content\/uploads\/2026\/01\/Maria-Gomez.jpg","width":436,"height":548},{"@type":"BreadcrumbList","@id":"https:\/\/santiagomediano.com\/en\/team\/maria-gomez\/#breadcrumb","itemListElement":[{"@type":"ListItem","position":1,"name":"Portada","item":"https:\/\/santiagomediano.com\/en\/"},{"@type":"ListItem","position":2,"name":"María Gómez"}]},{"@type":"WebSite","@id":"https:\/\/santiagomediano.com\/en\/#website","url":"https:\/\/santiagomediano.com\/en\/","name":"Santiago Mediano","description":"","publisher":{"@id":"https:\/\/santiagomediano.com\/en\/#organization"},"potentialAction":[{"@type":"SearchAction","target":{"@type":"EntryPoint","urlTemplate":"https:\/\/santiagomediano.com\/en\/?s={search_term_string}"},"query-input":{"@type":"PropertyValueSpecification","valueRequired":true,"valueName":"search_term_string"}}],"inLanguage":"en-US"},{"@type":"Organization","@id":"https:\/\/santiagomediano.com\/en\/#organization","name":"Santiago Mediano","url":"https:\/\/santiagomediano.com\/en\/","logo":{"@type":"ImageObject","inLanguage":"en-US","@id":"https:\/\/santiagomediano.com\/en\/#\/schema\/logo\/image\/","url":"https:\/\/santiagomediano.com\/wp-content\/uploads\/2026\/02\/cropped-A_AVATAR-LINKEDIN-SM-copia.png","contentUrl":"https:\/\/santiagomediano.com\/wp-content\/uploads\/2026\/02\/cropped-A_AVATAR-LINKEDIN-SM-copia.png","width":512,"height":512,"caption":"Santiago Mediano"},"image":{"@id":"https:\/\/santiagomediano.com\/en\/#\/schema\/logo\/image\/"}}]}</script>
<!-- / Yoast SEO plugin. -->

María Gómez - Santiago Mediano

María is a lawyer specialising in Intellectual Property and Procedural Law. She holds a degree in Law and Political Science and Public Administration from the Autonomous University of Madrid, a Master&#8217;s Degree in Access to the Legal Profession from the Madrid Bar Association, and a Master&#8217;s Degree in Intellectual Property, Industrial Property and New Technologies [&hellip;]
