{"id":619,"date":"2025-10-02T12:57:57","date_gmt":"2025-10-02T10:57:57","guid":{"rendered":"https:\/\/rubioydelamo.com\/santiago-mediano\/nosotros\/santiago-ilundain\/"},"modified":"2025-11-17T10:44:19","modified_gmt":"2025-11-17T09:44:19","slug":"santiago-ilundain","status":"publish","type":"equipo","link":"https:\/\/santiagomediano.com\/pt-pt\/pessoas\/santiago-ilundain\/","title":{"rendered":"Santiago Ilund\u00e1in"},"content":{"rendered":"<p class=\"p1\">Santiago \u00e9 advogado especialista em Direito do Entretenimento, com uma s\u00f3lida trajet\u00f3ria nos setores audiovisual, teatral e de espet\u00e1culos ao vivo.<\/p> <p class=\"p1\">Desenvolve a sua atividade tanto a n\u00edvel nacional como internacional, com uma presen\u00e7a destacada no mercado latino-americano.<\/p> <p class=\"p1\">Aconselha uma ampla variedade de agentes do setor cultural e criativo, incluindo produtoras audiovisuais, festivais de m\u00fasica, canais de televis\u00e3o, plataformas digitais, bem como autores, diretores, int\u00e9rpretes e m\u00fasicos, acompanhando-os em todas as fases dos seus projetos, desde o desenvolvimento at\u00e9 \u00e0 explora\u00e7\u00e3o das obras.<\/p> <p class=\"p1\">O seu profundo conhecimento do ecossistema art\u00edstico permite-lhe oferecer aconselhamento jur\u00eddico adequado \u00e0s necessidades reais dos profissionais do setor. Concilia o seu trabalho como advogado com a participa\u00e7\u00e3o ativa em produ\u00e7\u00f5es c\u00e9nicas, o que refor\u00e7a a sua compreens\u00e3o do processo criativo e o seu compromisso com a ind\u00fastria.<\/p>","protected":false},"featured_media":346566,"template":"","meta":{"_acf_changed":false,"inline_featured_image":false},"seccion":[314,318,320,267,273,269,287,312,283],"class_list":["post-619","equipo","type-equipo","status-publish","has-post-thumbnail","hentry","seccion-madrid","seccion-cargo","seccion-socios","seccion-areas","seccion-comercial-e-societario","seccion-setores","seccion-media-entertainment","seccion-escritorio","seccion-propiedade-intelectual"],"acf":[],"yoast_head":"<!-- This site is optimized with the Yoast SEO plugin v27.3 - https:\/\/yoast.com\/product\/yoast-seo-wordpress\/ -->\n<title>Santiago Ilund\u00e1in - Santiago Mediano<\/title>\n<meta name=\"robots\" content=\"index, follow, max-snippet:-1, max-image-preview:large, max-video-preview:-1\" \/>\n<link rel=\"canonical\" href=\"https:\/\/santiagomediano.com\/pt-pt\/pessoas\/santiago-ilundain\/\" \/>\n<meta property=\"og:locale\" content=\"pt_PT\" \/>\n<meta property=\"og:type\" content=\"article\" \/>\n<meta property=\"og:title\" content=\"Santiago Ilund\u00e1in - Santiago Mediano\" \/>\n<meta property=\"og:description\" content=\"Santiago \u00e9 advogado especialista em Direito do Entretenimento, com uma s\u00f3lida trajet\u00f3ria nos setores audiovisual, teatral e de espet\u00e1culos ao vivo. Desenvolve a sua atividade tanto a n\u00edvel nacional como internacional, com uma presen\u00e7a destacada no mercado latino-americano. Aconselha uma ampla variedade de agentes do setor cultural e criativo, incluindo produtoras audiovisuais, festivais de m\u00fasica, [&hellip;]\" \/>\n<meta property=\"og:url\" content=\"https:\/\/santiagomediano.com\/pt-pt\/pessoas\/santiago-ilundain\/\" \/>\n<meta property=\"og:site_name\" content=\"Santiago Mediano\" \/>\n<meta property=\"article:modified_time\" content=\"2025-11-17T09:44:19+00:00\" \/>\n<meta name=\"twitter:card\" content=\"summary_large_image\" \/>\n<meta name=\"twitter:label1\" content=\"Tempo estimado de leitura\" \/>\n\t<meta name=\"twitter:data1\" content=\"1 minuto\" \/>\n<script type=\"application\/ld+json\" class=\"yoast-schema-graph\">{\"@context\":\"https:\\\/\\\/schema.org\",\"@graph\":[{\"@type\":\"WebPage\",\"@id\":\"https:\\\/\\\/santiagomediano.com\\\/pt-pt\\\/pessoas\\\/santiago-ilundain\\\/\",\"url\":\"https:\\\/\\\/santiagomediano.com\\\/pt-pt\\\/pessoas\\\/santiago-ilundain\\\/\",\"name\":\"Santiago Ilund\u00e1in - Santiago Mediano\",\"isPartOf\":{\"@id\":\"https:\\\/\\\/santiagomediano.com\\\/pt-pt\\\/#website\"},\"primaryImageOfPage\":{\"@id\":\"https:\\\/\\\/santiagomediano.com\\\/pt-pt\\\/pessoas\\\/santiago-ilundain\\\/#primaryimage\"},\"image\":{\"@id\":\"https:\\\/\\\/santiagomediano.com\\\/pt-pt\\\/pessoas\\\/santiago-ilundain\\\/#primaryimage\"},\"thumbnailUrl\":\"https:\\\/\\\/santiagomediano.com\\\/wp-content\\\/uploads\\\/2026\\\/01\\\/Santiago-Ilundain.jpg\",\"datePublished\":\"2025-10-02T10:57:57+00:00\",\"dateModified\":\"2025-11-17T09:44:19+00:00\",\"breadcrumb\":{\"@id\":\"https:\\\/\\\/santiagomediano.com\\\/pt-pt\\\/pessoas\\\/santiago-ilundain\\\/#breadcrumb\"},\"inLanguage\":\"pt-PT\",\"potentialAction\":[{\"@type\":\"ReadAction\",\"target\":[\"https:\\\/\\\/santiagomediano.com\\\/pt-pt\\\/pessoas\\\/santiago-ilundain\\\/\"]}]},{\"@type\":\"ImageObject\",\"inLanguage\":\"pt-PT\",\"@id\":\"https:\\\/\\\/santiagomediano.com\\\/pt-pt\\\/pessoas\\\/santiago-ilundain\\\/#primaryimage\",\"url\":\"https:\\\/\\\/santiagomediano.com\\\/wp-content\\\/uploads\\\/2026\\\/01\\\/Santiago-Ilundain.jpg\",\"contentUrl\":\"https:\\\/\\\/santiagomediano.com\\\/wp-content\\\/uploads\\\/2026\\\/01\\\/Santiago-Ilundain.jpg\",\"width\":436,\"height\":548},{\"@type\":\"BreadcrumbList\",\"@id\":\"https:\\\/\\\/santiagomediano.com\\\/pt-pt\\\/pessoas\\\/santiago-ilundain\\\/#breadcrumb\",\"itemListElement\":[{\"@type\":\"ListItem\",\"position\":1,\"name\":\"Portada\",\"item\":\"https:\\\/\\\/santiagomediano.com\\\/pt-pt\\\/\"},{\"@type\":\"ListItem\",\"position\":2,\"name\":\"Santiago Ilund\u00e1in\"}]},{\"@type\":\"WebSite\",\"@id\":\"https:\\\/\\\/santiagomediano.com\\\/pt-pt\\\/#website\",\"url\":\"https:\\\/\\\/santiagomediano.com\\\/pt-pt\\\/\",\"name\":\"Santiago Mediano\",\"description\":\"\",\"publisher\":{\"@id\":\"https:\\\/\\\/santiagomediano.com\\\/pt-pt\\\/#organization\"},\"potentialAction\":[{\"@type\":\"SearchAction\",\"target\":{\"@type\":\"EntryPoint\",\"urlTemplate\":\"https:\\\/\\\/santiagomediano.com\\\/pt-pt\\\/?s={search_term_string}\"},\"query-input\":{\"@type\":\"PropertyValueSpecification\",\"valueRequired\":true,\"valueName\":\"search_term_string\"}}],\"inLanguage\":\"pt-PT\"},{\"@type\":\"Organization\",\"@id\":\"https:\\\/\\\/santiagomediano.com\\\/pt-pt\\\/#organization\",\"name\":\"Santiago Mediano\",\"url\":\"https:\\\/\\\/santiagomediano.com\\\/pt-pt\\\/\",\"logo\":{\"@type\":\"ImageObject\",\"inLanguage\":\"pt-PT\",\"@id\":\"https:\\\/\\\/santiagomediano.com\\\/pt-pt\\\/#\\\/schema\\\/logo\\\/image\\\/\",\"url\":\"https:\\\/\\\/santiagomediano.com\\\/wp-content\\\/uploads\\\/2026\\\/02\\\/cropped-A_AVATAR-LINKEDIN-SM-copia.png\",\"contentUrl\":\"https:\\\/\\\/santiagomediano.com\\\/wp-content\\\/uploads\\\/2026\\\/02\\\/cropped-A_AVATAR-LINKEDIN-SM-copia.png\",\"width\":512,\"height\":512,\"caption\":\"Santiago Mediano\"},\"image\":{\"@id\":\"https:\\\/\\\/santiagomediano.com\\\/pt-pt\\\/#\\\/schema\\\/logo\\\/image\\\/\"}}]}<\/script>\n<!-- \/ Yoast SEO plugin. -->","yoast_head_json":{"title":"Santiago Ilund\u00e1in - Santiago Mediano","robots":{"index":"index","follow":"follow","max-snippet":"max-snippet:-1","max-image-preview":"max-image-preview:large","max-video-preview":"max-video-preview:-1"},"canonical":"https:\/\/santiagomediano.com\/pt-pt\/pessoas\/santiago-ilundain\/","og_locale":"pt_PT","og_type":"article","og_title":"Santiago Ilund\u00e1in - Santiago Mediano","og_description":"Santiago \u00e9 advogado especialista em Direito do Entretenimento, com uma s\u00f3lida trajet\u00f3ria nos setores audiovisual, teatral e de espet\u00e1culos ao vivo. Desenvolve a sua atividade tanto a n\u00edvel nacional como internacional, com uma presen\u00e7a destacada no mercado latino-americano. Aconselha uma ampla variedade de agentes do setor cultural e criativo, incluindo produtoras audiovisuais, festivais de m\u00fasica, [&hellip;]","og_url":"https:\/\/santiagomediano.com\/pt-pt\/pessoas\/santiago-ilundain\/","og_site_name":"Santiago Mediano","article_modified_time":"2025-11-17T09:44:19+00:00","twitter_card":"summary_large_image","twitter_misc":{"Tempo estimado de leitura":"1 minuto"},"schema":{"@context":"https:\/\/schema.org","@graph":[{"@type":"WebPage","@id":"https:\/\/santiagomediano.com\/pt-pt\/pessoas\/santiago-ilundain\/","url":"https:\/\/santiagomediano.com\/pt-pt\/pessoas\/santiago-ilundain\/","name":"Santiago Ilund\u00e1in - Santiago Mediano","isPartOf":{"@id":"https:\/\/santiagomediano.com\/pt-pt\/#website"},"primaryImageOfPage":{"@id":"https:\/\/santiagomediano.com\/pt-pt\/pessoas\/santiago-ilundain\/#primaryimage"},"image":{"@id":"https:\/\/santiagomediano.com\/pt-pt\/pessoas\/santiago-ilundain\/#primaryimage"},"thumbnailUrl":"https:\/\/santiagomediano.com\/wp-content\/uploads\/2026\/01\/Santiago-Ilundain.jpg","datePublished":"2025-10-02T10:57:57+00:00","dateModified":"2025-11-17T09:44:19+00:00","breadcrumb":{"@id":"https:\/\/santiagomediano.com\/pt-pt\/pessoas\/santiago-ilundain\/#breadcrumb"},"inLanguage":"pt-PT","potentialAction":[{"@type":"ReadAction","target":["https:\/\/santiagomediano.com\/pt-pt\/pessoas\/santiago-ilundain\/"]}]},{"@type":"ImageObject","inLanguage":"pt-PT","@id":"https:\/\/santiagomediano.com\/pt-pt\/pessoas\/santiago-ilundain\/#primaryimage","url":"https:\/\/santiagomediano.com\/wp-content\/uploads\/2026\/01\/Santiago-Ilundain.jpg","contentUrl":"https:\/\/santiagomediano.com\/wp-content\/uploads\/2026\/01\/Santiago-Ilundain.jpg","width":436,"height":548},{"@type":"BreadcrumbList","@id":"https:\/\/santiagomediano.com\/pt-pt\/pessoas\/santiago-ilundain\/#breadcrumb","itemListElement":[{"@type":"ListItem","position":1,"name":"Portada","item":"https:\/\/santiagomediano.com\/pt-pt\/"},{"@type":"ListItem","position":2,"name":"Santiago Ilund\u00e1in"}]},{"@type":"WebSite","@id":"https:\/\/santiagomediano.com\/pt-pt\/#website","url":"https:\/\/santiagomediano.com\/pt-pt\/","name":"Santiago Mediano","description":"","publisher":{"@id":"https:\/\/santiagomediano.com\/pt-pt\/#organization"},"potentialAction":[{"@type":"SearchAction","target":{"@type":"EntryPoint","urlTemplate":"https:\/\/santiagomediano.com\/pt-pt\/?s={search_term_string}"},"query-input":{"@type":"PropertyValueSpecification","valueRequired":true,"valueName":"search_term_string"}}],"inLanguage":"pt-PT"},{"@type":"Organization","@id":"https:\/\/santiagomediano.com\/pt-pt\/#organization","name":"Santiago Mediano","url":"https:\/\/santiagomediano.com\/pt-pt\/","logo":{"@type":"ImageObject","inLanguage":"pt-PT","@id":"https:\/\/santiagomediano.com\/pt-pt\/#\/schema\/logo\/image\/","url":"https:\/\/santiagomediano.com\/wp-content\/uploads\/2026\/02\/cropped-A_AVATAR-LINKEDIN-SM-copia.png","contentUrl":"https:\/\/santiagomediano.com\/wp-content\/uploads\/2026\/02\/cropped-A_AVATAR-LINKEDIN-SM-copia.png","width":512,"height":512,"caption":"Santiago Mediano"},"image":{"@id":"https:\/\/santiagomediano.com\/pt-pt\/#\/schema\/logo\/image\/"}}]}},"_links":{"self":[{"href":"https:\/\/santiagomediano.com\/pt-pt\/wp-json\/wp\/v2\/equipo\/619","targetHints":{"allow":["GET"]}}],"collection":[{"href":"https:\/\/santiagomediano.com\/pt-pt\/wp-json\/wp\/v2\/equipo"}],"about":[{"href":"https:\/\/santiagomediano.com\/pt-pt\/wp-json\/wp\/v2\/types\/equipo"}],"wp:featuredmedia":[{"embeddable":true,"href":"https:\/\/santiagomediano.com\/pt-pt\/wp-json\/wp\/v2\/media\/346566"}],"wp:attachment":[{"href":"https:\/\/santiagomediano.com\/pt-pt\/wp-json\/wp\/v2\/media?parent=619"}],"wp:term":[{"taxonomy":"seccion","embeddable":true,"href":"https:\/\/santiagomediano.com\/pt-pt\/wp-json\/wp\/v2\/seccion?post=619"}],"curies":[{"name":"wp","href":"https:\/\/api.w.org\/{rel}","templated":true}]}}

Santiago Ilundáin

<p class="p1">Santiago é advogado especialista em Direito do Entretenimento, com uma sólida trajetória nos setores audiovisual, teatral e de espetáculos ao vivo.</p> <p class="p1">Desenvolve a sua atividade tanto a nível nacional como internacional, com uma presença destacada no mercado latino-americano.</p> <p class="p1">Aconselha uma ampla variedade de agentes do setor cultural e criativo, incluindo produtoras audiovisuais, festivais de música, canais de televisão, plataformas digitais, bem como autores, diretores, intérpretes e músicos, acompanhando-os em todas as fases dos seus projetos, desde o desenvolvimento até à exploração das obras.</p> <p class="p1">O seu profundo conhecimento do ecossistema artístico permite-lhe oferecer aconselhamento jurídico adequado às necessidades reais dos profissionais do setor. Concilia o seu trabalho como advogado com a participação ativa em produções cénicas, o que reforça a sua compreensão do processo criativo e o seu compromisso com a indústria.</p>

<!-- This site is optimized with the Yoast SEO plugin v27.3 - https://yoast.com/product/yoast-seo-wordpress/ -->
<title>Santiago Ilundáin - Santiago Mediano</title>
<meta name="robots" content="index, follow, max-snippet:-1, max-image-preview:large, max-video-preview:-1" />
<link rel="canonical" href="https://santiagomediano.com/pt-pt/pessoas/santiago-ilundain/" />
<meta property="og:locale" content="pt_PT" />
<meta property="og:type" content="article" />
<meta property="og:title" content="Santiago Ilundáin - Santiago Mediano" />
<meta property="og:description" content="Santiago é advogado especialista em Direito do Entretenimento, com uma sólida trajetória nos setores audiovisual, teatral e de espetáculos ao vivo. Desenvolve a sua atividade tanto a nível nacional como internacional, com uma presença destacada no mercado latino-americano. Aconselha uma ampla variedade de agentes do setor cultural e criativo, incluindo produtoras audiovisuais, festivais de música, [&hellip;]" />
<meta property="og:url" content="https://santiagomediano.com/pt-pt/pessoas/santiago-ilundain/" />
<meta property="og:site_name" content="Santiago Mediano" />
<meta property="article:modified_time" content="2025-11-17T09:44:19+00:00" />
<meta name="twitter:card" content="summary_large_image" />
<meta name="twitter:label1" content="Tempo estimado de leitura" />
	<meta name="twitter:data1" content="1 minuto" />
<script type="application/ld+json" class="yoast-schema-graph">{"@context":"https:\/\/schema.org","@graph":[{"@type":"WebPage","@id":"https:\/\/santiagomediano.com\/pt-pt\/pessoas\/santiago-ilundain\/","url":"https:\/\/santiagomediano.com\/pt-pt\/pessoas\/santiago-ilundain\/","name":"Santiago Ilundáin - Santiago Mediano","isPartOf":{"@id":"https:\/\/santiagomediano.com\/pt-pt\/#website"},"primaryImageOfPage":{"@id":"https:\/\/santiagomediano.com\/pt-pt\/pessoas\/santiago-ilundain\/#primaryimage"},"image":{"@id":"https:\/\/santiagomediano.com\/pt-pt\/pessoas\/santiago-ilundain\/#primaryimage"},"thumbnailUrl":"https:\/\/santiagomediano.com\/wp-content\/uploads\/2026\/01\/Santiago-Ilundain.jpg","datePublished":"2025-10-02T10:57:57+00:00","dateModified":"2025-11-17T09:44:19+00:00","breadcrumb":{"@id":"https:\/\/santiagomediano.com\/pt-pt\/pessoas\/santiago-ilundain\/#breadcrumb"},"inLanguage":"pt-PT","potentialAction":[{"@type":"ReadAction","target":["https:\/\/santiagomediano.com\/pt-pt\/pessoas\/santiago-ilundain\/"]}]},{"@type":"ImageObject","inLanguage":"pt-PT","@id":"https:\/\/santiagomediano.com\/pt-pt\/pessoas\/santiago-ilundain\/#primaryimage","url":"https:\/\/santiagomediano.com\/wp-content\/uploads\/2026\/01\/Santiago-Ilundain.jpg","contentUrl":"https:\/\/santiagomediano.com\/wp-content\/uploads\/2026\/01\/Santiago-Ilundain.jpg","width":436,"height":548},{"@type":"BreadcrumbList","@id":"https:\/\/santiagomediano.com\/pt-pt\/pessoas\/santiago-ilundain\/#breadcrumb","itemListElement":[{"@type":"ListItem","position":1,"name":"Portada","item":"https:\/\/santiagomediano.com\/pt-pt\/"},{"@type":"ListItem","position":2,"name":"Santiago Ilundáin"}]},{"@type":"WebSite","@id":"https:\/\/santiagomediano.com\/pt-pt\/#website","url":"https:\/\/santiagomediano.com\/pt-pt\/","name":"Santiago Mediano","description":"","publisher":{"@id":"https:\/\/santiagomediano.com\/pt-pt\/#organization"},"potentialAction":[{"@type":"SearchAction","target":{"@type":"EntryPoint","urlTemplate":"https:\/\/santiagomediano.com\/pt-pt\/?s={search_term_string}"},"query-input":{"@type":"PropertyValueSpecification","valueRequired":true,"valueName":"search_term_string"}}],"inLanguage":"pt-PT"},{"@type":"Organization","@id":"https:\/\/santiagomediano.com\/pt-pt\/#organization","name":"Santiago Mediano","url":"https:\/\/santiagomediano.com\/pt-pt\/","logo":{"@type":"ImageObject","inLanguage":"pt-PT","@id":"https:\/\/santiagomediano.com\/pt-pt\/#\/schema\/logo\/image\/","url":"https:\/\/santiagomediano.com\/wp-content\/uploads\/2026\/02\/cropped-A_AVATAR-LINKEDIN-SM-copia.png","contentUrl":"https:\/\/santiagomediano.com\/wp-content\/uploads\/2026\/02\/cropped-A_AVATAR-LINKEDIN-SM-copia.png","width":512,"height":512,"caption":"Santiago Mediano"},"image":{"@id":"https:\/\/santiagomediano.com\/pt-pt\/#\/schema\/logo\/image\/"}}]}</script>
<!-- / Yoast SEO plugin. -->

Santiago Ilundáin - Santiago Mediano

Santiago é advogado especialista em Direito do Entretenimento, com uma sólida trajetória nos setores audiovisual, teatral e de espetáculos ao vivo. Desenvolve a sua atividade tanto a nível nacional como internacional, com uma presença destacada no mercado latino-americano. Aconselha uma ampla variedade de agentes do setor cultural e criativo, incluindo produtoras audiovisuais, festivais de música, [&hellip;]
