{"id":666,"date":"2025-10-03T10:40:50","date_gmt":"2025-10-03T08:40:50","guid":{"rendered":"https:\/\/rubioydelamo.com\/santiago-mediano\/nosotros\/jaime-costa\/"},"modified":"2026-02-09T12:56:51","modified_gmt":"2026-02-09T11:56:51","slug":"jaime-costa","status":"publish","type":"equipo","link":"https:\/\/santiagomediano.com\/pt-pt\/pessoas\/jaime-costa\/","title":{"rendered":"Jaime Costa"},"content":{"rendered":"<p>Jaime Costa \u00e9 advogado com experi\u00eancia em direito laboral e direito societ\u00e1rio.<\/p> <p>Iniciou o seu percurso profissional nas \u00e1reas da recupera\u00e7\u00e3o de cr\u00e9ditos e da insolv\u00eancia, passando, depois, ainda enquanto advogado-estagi\u00e1rio, a exercer as suas fun\u00e7\u00f5es com maior foco no direito comercial, societ\u00e1rio e laboral. Tendo trabalhado, maioritariamente, em escrit\u00f3rios de advogados, trabalhou, tamb\u00e9m, em ambiente empresarial, bem como no Tribunal de Contas.<\/p> <p>Com uma experi\u00eancia de 10 anos na pr\u00e1tica da advocacia, juntou-se \u00e0 Santiago Mediano em 2021, onde exerce atividade nas \u00e1reas do direito laboral e societ\u00e1rio.<\/p>","protected":false},"featured_media":346712,"template":"","meta":{"_acf_changed":false,"inline_featured_image":false},"seccion":[318,267,273,316,322,312,285],"class_list":["post-666","equipo","type-equipo","status-publish","has-post-thumbnail","hentry","seccion-cargo","seccion-areas","seccion-comercial-e-societario","seccion-lisboa","seccion-associados","seccion-escritorio","seccion-publico-e-administrativo"],"acf":[],"yoast_head":"<!-- This site is optimized with the Yoast SEO plugin v27.3 - https:\/\/yoast.com\/product\/yoast-seo-wordpress\/ -->\n<title>Jaime Costa - Santiago Mediano<\/title>\n<meta name=\"robots\" content=\"index, follow, max-snippet:-1, max-image-preview:large, max-video-preview:-1\" \/>\n<link rel=\"canonical\" href=\"https:\/\/santiagomediano.com\/pt-pt\/pessoas\/jaime-costa\/\" \/>\n<meta property=\"og:locale\" content=\"pt_PT\" \/>\n<meta property=\"og:type\" content=\"article\" \/>\n<meta property=\"og:title\" content=\"Jaime Costa - Santiago Mediano\" \/>\n<meta property=\"og:description\" content=\"Jaime Costa \u00e9 advogado com experi\u00eancia em direito laboral e direito societ\u00e1rio. Iniciou o seu percurso profissional nas \u00e1reas da recupera\u00e7\u00e3o de cr\u00e9ditos e da insolv\u00eancia, passando, depois, ainda enquanto advogado-estagi\u00e1rio, a exercer as suas fun\u00e7\u00f5es com maior foco no direito comercial, societ\u00e1rio e laboral. Tendo trabalhado, maioritariamente, em escrit\u00f3rios de advogados, trabalhou, tamb\u00e9m, em [&hellip;]\" \/>\n<meta property=\"og:url\" content=\"https:\/\/santiagomediano.com\/pt-pt\/pessoas\/jaime-costa\/\" \/>\n<meta property=\"og:site_name\" content=\"Santiago Mediano\" \/>\n<meta property=\"article:modified_time\" content=\"2026-02-09T11:56:51+00:00\" \/>\n<meta property=\"og:image\" content=\"https:\/\/santiagomediano.com\/wp-content\/uploads\/2025\/10\/Jaime-Costa.jpg\" \/>\n\t<meta property=\"og:image:width\" content=\"1610\" \/>\n\t<meta property=\"og:image:height\" content=\"2024\" \/>\n\t<meta property=\"og:image:type\" content=\"image\/jpeg\" \/>\n<meta name=\"twitter:card\" content=\"summary_large_image\" \/>\n<meta name=\"twitter:label1\" content=\"Tempo estimado de leitura\" \/>\n\t<meta name=\"twitter:data1\" content=\"1 minuto\" \/>\n<script type=\"application\/ld+json\" class=\"yoast-schema-graph\">{\"@context\":\"https:\\\/\\\/schema.org\",\"@graph\":[{\"@type\":\"WebPage\",\"@id\":\"https:\\\/\\\/santiagomediano.com\\\/pt-pt\\\/pessoas\\\/jaime-costa\\\/\",\"url\":\"https:\\\/\\\/santiagomediano.com\\\/pt-pt\\\/pessoas\\\/jaime-costa\\\/\",\"name\":\"Jaime Costa - Santiago Mediano\",\"isPartOf\":{\"@id\":\"https:\\\/\\\/santiagomediano.com\\\/pt-pt\\\/#website\"},\"primaryImageOfPage\":{\"@id\":\"https:\\\/\\\/santiagomediano.com\\\/pt-pt\\\/pessoas\\\/jaime-costa\\\/#primaryimage\"},\"image\":{\"@id\":\"https:\\\/\\\/santiagomediano.com\\\/pt-pt\\\/pessoas\\\/jaime-costa\\\/#primaryimage\"},\"thumbnailUrl\":\"https:\\\/\\\/santiagomediano.com\\\/wp-content\\\/uploads\\\/2025\\\/10\\\/Jaime-Costa.jpg\",\"datePublished\":\"2025-10-03T08:40:50+00:00\",\"dateModified\":\"2026-02-09T11:56:51+00:00\",\"breadcrumb\":{\"@id\":\"https:\\\/\\\/santiagomediano.com\\\/pt-pt\\\/pessoas\\\/jaime-costa\\\/#breadcrumb\"},\"inLanguage\":\"pt-PT\",\"potentialAction\":[{\"@type\":\"ReadAction\",\"target\":[\"https:\\\/\\\/santiagomediano.com\\\/pt-pt\\\/pessoas\\\/jaime-costa\\\/\"]}]},{\"@type\":\"ImageObject\",\"inLanguage\":\"pt-PT\",\"@id\":\"https:\\\/\\\/santiagomediano.com\\\/pt-pt\\\/pessoas\\\/jaime-costa\\\/#primaryimage\",\"url\":\"https:\\\/\\\/santiagomediano.com\\\/wp-content\\\/uploads\\\/2025\\\/10\\\/Jaime-Costa.jpg\",\"contentUrl\":\"https:\\\/\\\/santiagomediano.com\\\/wp-content\\\/uploads\\\/2025\\\/10\\\/Jaime-Costa.jpg\",\"width\":1610,\"height\":2024},{\"@type\":\"BreadcrumbList\",\"@id\":\"https:\\\/\\\/santiagomediano.com\\\/pt-pt\\\/pessoas\\\/jaime-costa\\\/#breadcrumb\",\"itemListElement\":[{\"@type\":\"ListItem\",\"position\":1,\"name\":\"Portada\",\"item\":\"https:\\\/\\\/santiagomediano.com\\\/pt-pt\\\/\"},{\"@type\":\"ListItem\",\"position\":2,\"name\":\"Jaime Costa\"}]},{\"@type\":\"WebSite\",\"@id\":\"https:\\\/\\\/santiagomediano.com\\\/pt-pt\\\/#website\",\"url\":\"https:\\\/\\\/santiagomediano.com\\\/pt-pt\\\/\",\"name\":\"Santiago Mediano\",\"description\":\"\",\"publisher\":{\"@id\":\"https:\\\/\\\/santiagomediano.com\\\/pt-pt\\\/#organization\"},\"potentialAction\":[{\"@type\":\"SearchAction\",\"target\":{\"@type\":\"EntryPoint\",\"urlTemplate\":\"https:\\\/\\\/santiagomediano.com\\\/pt-pt\\\/?s={search_term_string}\"},\"query-input\":{\"@type\":\"PropertyValueSpecification\",\"valueRequired\":true,\"valueName\":\"search_term_string\"}}],\"inLanguage\":\"pt-PT\"},{\"@type\":\"Organization\",\"@id\":\"https:\\\/\\\/santiagomediano.com\\\/pt-pt\\\/#organization\",\"name\":\"Santiago Mediano\",\"url\":\"https:\\\/\\\/santiagomediano.com\\\/pt-pt\\\/\",\"logo\":{\"@type\":\"ImageObject\",\"inLanguage\":\"pt-PT\",\"@id\":\"https:\\\/\\\/santiagomediano.com\\\/pt-pt\\\/#\\\/schema\\\/logo\\\/image\\\/\",\"url\":\"https:\\\/\\\/santiagomediano.com\\\/wp-content\\\/uploads\\\/2026\\\/02\\\/cropped-A_AVATAR-LINKEDIN-SM-copia.png\",\"contentUrl\":\"https:\\\/\\\/santiagomediano.com\\\/wp-content\\\/uploads\\\/2026\\\/02\\\/cropped-A_AVATAR-LINKEDIN-SM-copia.png\",\"width\":512,\"height\":512,\"caption\":\"Santiago Mediano\"},\"image\":{\"@id\":\"https:\\\/\\\/santiagomediano.com\\\/pt-pt\\\/#\\\/schema\\\/logo\\\/image\\\/\"}}]}<\/script>\n<!-- \/ Yoast SEO plugin. -->","yoast_head_json":{"title":"Jaime Costa - Santiago Mediano","robots":{"index":"index","follow":"follow","max-snippet":"max-snippet:-1","max-image-preview":"max-image-preview:large","max-video-preview":"max-video-preview:-1"},"canonical":"https:\/\/santiagomediano.com\/pt-pt\/pessoas\/jaime-costa\/","og_locale":"pt_PT","og_type":"article","og_title":"Jaime Costa - Santiago Mediano","og_description":"Jaime Costa \u00e9 advogado com experi\u00eancia em direito laboral e direito societ\u00e1rio. Iniciou o seu percurso profissional nas \u00e1reas da recupera\u00e7\u00e3o de cr\u00e9ditos e da insolv\u00eancia, passando, depois, ainda enquanto advogado-estagi\u00e1rio, a exercer as suas fun\u00e7\u00f5es com maior foco no direito comercial, societ\u00e1rio e laboral. Tendo trabalhado, maioritariamente, em escrit\u00f3rios de advogados, trabalhou, tamb\u00e9m, em [&hellip;]","og_url":"https:\/\/santiagomediano.com\/pt-pt\/pessoas\/jaime-costa\/","og_site_name":"Santiago Mediano","article_modified_time":"2026-02-09T11:56:51+00:00","og_image":[{"width":1610,"height":2024,"url":"https:\/\/santiagomediano.com\/wp-content\/uploads\/2025\/10\/Jaime-Costa.jpg","type":"image\/jpeg"}],"twitter_card":"summary_large_image","twitter_misc":{"Tempo estimado de leitura":"1 minuto"},"schema":{"@context":"https:\/\/schema.org","@graph":[{"@type":"WebPage","@id":"https:\/\/santiagomediano.com\/pt-pt\/pessoas\/jaime-costa\/","url":"https:\/\/santiagomediano.com\/pt-pt\/pessoas\/jaime-costa\/","name":"Jaime Costa - Santiago Mediano","isPartOf":{"@id":"https:\/\/santiagomediano.com\/pt-pt\/#website"},"primaryImageOfPage":{"@id":"https:\/\/santiagomediano.com\/pt-pt\/pessoas\/jaime-costa\/#primaryimage"},"image":{"@id":"https:\/\/santiagomediano.com\/pt-pt\/pessoas\/jaime-costa\/#primaryimage"},"thumbnailUrl":"https:\/\/santiagomediano.com\/wp-content\/uploads\/2025\/10\/Jaime-Costa.jpg","datePublished":"2025-10-03T08:40:50+00:00","dateModified":"2026-02-09T11:56:51+00:00","breadcrumb":{"@id":"https:\/\/santiagomediano.com\/pt-pt\/pessoas\/jaime-costa\/#breadcrumb"},"inLanguage":"pt-PT","potentialAction":[{"@type":"ReadAction","target":["https:\/\/santiagomediano.com\/pt-pt\/pessoas\/jaime-costa\/"]}]},{"@type":"ImageObject","inLanguage":"pt-PT","@id":"https:\/\/santiagomediano.com\/pt-pt\/pessoas\/jaime-costa\/#primaryimage","url":"https:\/\/santiagomediano.com\/wp-content\/uploads\/2025\/10\/Jaime-Costa.jpg","contentUrl":"https:\/\/santiagomediano.com\/wp-content\/uploads\/2025\/10\/Jaime-Costa.jpg","width":1610,"height":2024},{"@type":"BreadcrumbList","@id":"https:\/\/santiagomediano.com\/pt-pt\/pessoas\/jaime-costa\/#breadcrumb","itemListElement":[{"@type":"ListItem","position":1,"name":"Portada","item":"https:\/\/santiagomediano.com\/pt-pt\/"},{"@type":"ListItem","position":2,"name":"Jaime Costa"}]},{"@type":"WebSite","@id":"https:\/\/santiagomediano.com\/pt-pt\/#website","url":"https:\/\/santiagomediano.com\/pt-pt\/","name":"Santiago Mediano","description":"","publisher":{"@id":"https:\/\/santiagomediano.com\/pt-pt\/#organization"},"potentialAction":[{"@type":"SearchAction","target":{"@type":"EntryPoint","urlTemplate":"https:\/\/santiagomediano.com\/pt-pt\/?s={search_term_string}"},"query-input":{"@type":"PropertyValueSpecification","valueRequired":true,"valueName":"search_term_string"}}],"inLanguage":"pt-PT"},{"@type":"Organization","@id":"https:\/\/santiagomediano.com\/pt-pt\/#organization","name":"Santiago Mediano","url":"https:\/\/santiagomediano.com\/pt-pt\/","logo":{"@type":"ImageObject","inLanguage":"pt-PT","@id":"https:\/\/santiagomediano.com\/pt-pt\/#\/schema\/logo\/image\/","url":"https:\/\/santiagomediano.com\/wp-content\/uploads\/2026\/02\/cropped-A_AVATAR-LINKEDIN-SM-copia.png","contentUrl":"https:\/\/santiagomediano.com\/wp-content\/uploads\/2026\/02\/cropped-A_AVATAR-LINKEDIN-SM-copia.png","width":512,"height":512,"caption":"Santiago Mediano"},"image":{"@id":"https:\/\/santiagomediano.com\/pt-pt\/#\/schema\/logo\/image\/"}}]}},"_links":{"self":[{"href":"https:\/\/santiagomediano.com\/pt-pt\/wp-json\/wp\/v2\/equipo\/666","targetHints":{"allow":["GET"]}}],"collection":[{"href":"https:\/\/santiagomediano.com\/pt-pt\/wp-json\/wp\/v2\/equipo"}],"about":[{"href":"https:\/\/santiagomediano.com\/pt-pt\/wp-json\/wp\/v2\/types\/equipo"}],"wp:featuredmedia":[{"embeddable":true,"href":"https:\/\/santiagomediano.com\/pt-pt\/wp-json\/wp\/v2\/media\/346712"}],"wp:attachment":[{"href":"https:\/\/santiagomediano.com\/pt-pt\/wp-json\/wp\/v2\/media?parent=666"}],"wp:term":[{"taxonomy":"seccion","embeddable":true,"href":"https:\/\/santiagomediano.com\/pt-pt\/wp-json\/wp\/v2\/seccion?post=666"}],"curies":[{"name":"wp","href":"https:\/\/api.w.org\/{rel}","templated":true}]}}

<p>Jaime Costa é advogado com experiência em direito laboral e direito societário.</p> <p>Iniciou o seu percurso profissional nas áreas da recuperação de créditos e da insolvência, passando, depois, ainda enquanto advogado-estagiário, a exercer as suas funções com maior foco no direito comercial, societário e laboral. Tendo trabalhado, maioritariamente, em escritórios de advogados, trabalhou, também, em ambiente empresarial, bem como no Tribunal de Contas.</p> <p>Com uma experiência de 10 anos na prática da advocacia, juntou-se à Santiago Mediano em 2021, onde exerce atividade nas áreas do direito laboral e societário.</p>

<!-- This site is optimized with the Yoast SEO plugin v27.3 - https://yoast.com/product/yoast-seo-wordpress/ -->
<title>Jaime Costa - Santiago Mediano</title>
<meta name="robots" content="index, follow, max-snippet:-1, max-image-preview:large, max-video-preview:-1" />
<link rel="canonical" href="https://santiagomediano.com/pt-pt/pessoas/jaime-costa/" />
<meta property="og:locale" content="pt_PT" />
<meta property="og:type" content="article" />
<meta property="og:title" content="Jaime Costa - Santiago Mediano" />
<meta property="og:description" content="Jaime Costa é advogado com experiência em direito laboral e direito societário. Iniciou o seu percurso profissional nas áreas da recuperação de créditos e da insolvência, passando, depois, ainda enquanto advogado-estagiário, a exercer as suas funções com maior foco no direito comercial, societário e laboral. Tendo trabalhado, maioritariamente, em escritórios de advogados, trabalhou, também, em [&hellip;]" />
<meta property="og:url" content="https://santiagomediano.com/pt-pt/pessoas/jaime-costa/" />
<meta property="og:site_name" content="Santiago Mediano" />
<meta property="article:modified_time" content="2026-02-09T11:56:51+00:00" />
<meta property="og:image" content="https://santiagomediano.com/wp-content/uploads/2025/10/Jaime-Costa.jpg" />
	<meta property="og:image:width" content="1610" />
	<meta property="og:image:height" content="2024" />
	<meta property="og:image:type" content="image/jpeg" />
<meta name="twitter:card" content="summary_large_image" />
<meta name="twitter:label1" content="Tempo estimado de leitura" />
	<meta name="twitter:data1" content="1 minuto" />
<script type="application/ld+json" class="yoast-schema-graph">{"@context":"https:\/\/schema.org","@graph":[{"@type":"WebPage","@id":"https:\/\/santiagomediano.com\/pt-pt\/pessoas\/jaime-costa\/","url":"https:\/\/santiagomediano.com\/pt-pt\/pessoas\/jaime-costa\/","name":"Jaime Costa - Santiago Mediano","isPartOf":{"@id":"https:\/\/santiagomediano.com\/pt-pt\/#website"},"primaryImageOfPage":{"@id":"https:\/\/santiagomediano.com\/pt-pt\/pessoas\/jaime-costa\/#primaryimage"},"image":{"@id":"https:\/\/santiagomediano.com\/pt-pt\/pessoas\/jaime-costa\/#primaryimage"},"thumbnailUrl":"https:\/\/santiagomediano.com\/wp-content\/uploads\/2025\/10\/Jaime-Costa.jpg","datePublished":"2025-10-03T08:40:50+00:00","dateModified":"2026-02-09T11:56:51+00:00","breadcrumb":{"@id":"https:\/\/santiagomediano.com\/pt-pt\/pessoas\/jaime-costa\/#breadcrumb"},"inLanguage":"pt-PT","potentialAction":[{"@type":"ReadAction","target":["https:\/\/santiagomediano.com\/pt-pt\/pessoas\/jaime-costa\/"]}]},{"@type":"ImageObject","inLanguage":"pt-PT","@id":"https:\/\/santiagomediano.com\/pt-pt\/pessoas\/jaime-costa\/#primaryimage","url":"https:\/\/santiagomediano.com\/wp-content\/uploads\/2025\/10\/Jaime-Costa.jpg","contentUrl":"https:\/\/santiagomediano.com\/wp-content\/uploads\/2025\/10\/Jaime-Costa.jpg","width":1610,"height":2024},{"@type":"BreadcrumbList","@id":"https:\/\/santiagomediano.com\/pt-pt\/pessoas\/jaime-costa\/#breadcrumb","itemListElement":[{"@type":"ListItem","position":1,"name":"Portada","item":"https:\/\/santiagomediano.com\/pt-pt\/"},{"@type":"ListItem","position":2,"name":"Jaime Costa"}]},{"@type":"WebSite","@id":"https:\/\/santiagomediano.com\/pt-pt\/#website","url":"https:\/\/santiagomediano.com\/pt-pt\/","name":"Santiago Mediano","description":"","publisher":{"@id":"https:\/\/santiagomediano.com\/pt-pt\/#organization"},"potentialAction":[{"@type":"SearchAction","target":{"@type":"EntryPoint","urlTemplate":"https:\/\/santiagomediano.com\/pt-pt\/?s={search_term_string}"},"query-input":{"@type":"PropertyValueSpecification","valueRequired":true,"valueName":"search_term_string"}}],"inLanguage":"pt-PT"},{"@type":"Organization","@id":"https:\/\/santiagomediano.com\/pt-pt\/#organization","name":"Santiago Mediano","url":"https:\/\/santiagomediano.com\/pt-pt\/","logo":{"@type":"ImageObject","inLanguage":"pt-PT","@id":"https:\/\/santiagomediano.com\/pt-pt\/#\/schema\/logo\/image\/","url":"https:\/\/santiagomediano.com\/wp-content\/uploads\/2026\/02\/cropped-A_AVATAR-LINKEDIN-SM-copia.png","contentUrl":"https:\/\/santiagomediano.com\/wp-content\/uploads\/2026\/02\/cropped-A_AVATAR-LINKEDIN-SM-copia.png","width":512,"height":512,"caption":"Santiago Mediano"},"image":{"@id":"https:\/\/santiagomediano.com\/pt-pt\/#\/schema\/logo\/image\/"}}]}</script>
<!-- / Yoast SEO plugin. -->

Jaime Costa é advogado com experiência em direito laboral e direito societário. Iniciou o seu percurso profissional nas áreas da recuperação de créditos e da insolvência, passando, depois, ainda enquanto advogado-estagiário, a exercer as suas funções com maior foco no direito comercial, societário e laboral. Tendo trabalhado, maioritariamente, em escritórios de advogados, trabalhou, também, em [&hellip;]
